-2 - 1 - -3.
2
Evaluate -4 + (0 - 3) + 4 + 10.
7
What is -3 - (-2 + 0 - (-3 - -7))?
3
What is the value of 4 - (0 + 3 - 3)?
4
Evaluate -2 + 3 + 9 + -9.
1
What is the value of 3 - 3 - 3 - -3 - -3?
3
Calculate (-3 - -1 - -7) + -27 + 15.
-7
What is the value of 3 - 0 - (62 - 49)?
-10
Evaluate 3 + -8 - (-5 - -5).
-5
Calculate 12 + -2 + (1 - (-4 - -9)).
6
Calculate -6 + 1 + 3 + -3 + 2.
-3
What is 7 + -1 + -13 + 3?
-4
Calculate -4 + (-2 - -8) + 1.
3
Evaluate 0 + -4 + 0 + -36 + 38.
-2
Evaluate 5 - 2 - (-11 + 13).
1
What is (-41 - -35) + 1 + 5?
0
1 - (-3 - (7 - (2 + 4)))
5
5 + 3 - 3 - 7
-2
Calculate -43 + 39 - (-4 - (-1 + 3)).
2
What is the value of 31 + -21 - ((-2 - -5) + 2)?
5
(2 + -2 - -2) + -8
-6
What is -5 + (2 - (3 + -4)) - 2?
-4
What is the value of -7 - (9 - (15 - 5))?
-6
Evaluate -2 + 0 + -10 + 12 + 8.
8
What is the value of -3 - (1 + 1 + 2 - 5)?
-2
(0 + -6 + 0 - -9) + 0
3
Evaluate 0 - (-6 + 0 - -1).
5
What is (2 - 5) + 2 + 4?
3
What is 2 + 2 - ((-8 - -14) + -3)?
1
Evaluate 14 + 3 + -7 + -14.
-4
What is the value of 4 - (-4 + 3 + 4 + 0)?
1
(0 - 4) + 7 + -2 + -2
-1
What is -7 + 5 + -1 + 6?
3
Calculate 1 + 3 + (-11 - 7) + 9.
-5
Calculate (-6 - -4 - -7) + -6 + 2.
1
-8 + (8 - 0) + -8 - -4
-4
What is 1 - -3 - (14 + -11)?
1
What is the value of -2 + 2 + -6 + -19 + 30?
5
Evaluate -5 + (7 + -7 - -6) - -8.
9
What is the value of (-6 - 1) + 7 - 6?
-6
Evaluate -2 + 4 - (5 - 1).
-2
-5 - ((8 - 6) + -13)
6
What is the value of -1 + -5 + 6 + 1?
1
-9 + 1 + (-5 - -12) + -4
-5
Calculate -5 + 4 - (0 - 4).
3
Evaluate -13 - -17 - (2 + 0).
2
What is 4 + 1 + -5 + -1?
-1
Calculate 3 + -9 + -3 + (-13 - -17).
-5
What is the value of 2 - 4 - 1 - -3?
0
1 - (5 + -6 - -4) - 2
-4
What is the value of (0 - 5) + (199 - 186)?
8
Calculate (1 + -5 - -5) + (1 - -1).
3
What is 3 + -2 + 2 + -1?
2
-3 - (-5 - (-3 - -1)) - 0
0
Calculate 3 + 2 - (3 - 3).
5
Calculate -4 + (3 + 5 - -2) - 5.
1
Evaluate -2 + 4 + 2 + -7.
-3
What is 3 - (3 + -5 + 5 + 1)?
-1
Evaluate (-3 - (-2 + -6)) + -1.
4
What is 2 + -6 - (-2 + -1 + -2)?
1
0 - -3 - (-1 + (-4 - -3))
5
Calculate 7 + -7 + (5 - -1) + -2.
4
Evaluate 15 - ((-2 - -10 - 4) + 2).
9
What is the value of (-5 + 8 - 0) + -4 + -1?
-2
Calculate (-3 - (2 - 3)) + (7 - 0).
5
What is the value of -8 + 1 + (5 - 1) + 2?
-1
Calculate 16 + -21 + -2 + -2 + 5.
-4
What is 0 - (1 - 4 - -3)?
0
Calculate -11 - (0 + -16 - -6).
-1
Calculate (-4 - -9 - 3) + -7.
-5
What is 25 - 24 - (1 + 8)?
-8
Evaluate 5 + 2 + -4 + 1 + -2.
2
(-1 - -9) + (11 + -7 - 5)
7
What is the value of -10 - (-16 - (-7 + 6))?
5
What is the value of (14 - 2 - 5) + -2?
5
What is the value of (4 - 0 - (-11 - -15)) + -1?
-1
(-2 - (0 + -2)) + -5
-5
0 + (13 - 1 - 5)
7
Calculate 3 + -4 + 2 - (14 + -16).
3
Evaluate -13 - (-4 + -4 + 1 + 1).
-7
What is the value of 1 + 2 + (1 - (2 - 1))?
3
What is -7 + 8 + (-1 - 5)?
-5
6 + 0 + -1 - 4
1
What is -26 + 28 - (0 + -3)?
5
(-9 - -3) + -5 - (-4 - 2)
-5
What is 4 + (8 - 6) + (-1 - 4)?
1
What is the value of -4 + (-7 + 7 - 0)?
-4
What is 6 + 0 + (1 - 6)?
1
Evaluate 1 + 0 + 2 + -1 + 2.
4
What is the value of -7 + -2 + (-2 - (8 - 12))?
-7
Calculate 6 - (25 - 13 - (2 - 1)).
-5
Calculate -6 + -13 + 21 + (1 - 4).
-1
What is 11 + -7 - -1 - 9?
-4
What is the value of -1 + (-1 - -6) + -4 - 5?
-5
Calculate 1 + -2 + -8 + 7 + -2.
-4
5 + -2 - (-2 - (0 - 0))
5
14 + (-16 - (-7 - -7))
-2
What is the value of -4 + (1 - 0 - -3)?
0
What is (-1 - -12) + -6 + -2 + 6?
9
7 - 3 - (-6 + 7)
3
Calculate (-3 - 0) + (0 - 2 - 1).
-6
(6 - -4 - 19) + 0
-9
Evaluate 3 + (-7 - -4) + 6.
6
What is (3 - (1 - 4) - 4) + -5?
-3
-3 + (9 - 20 - -12)
-2
Evaluate (1 - -5) + -12 - 4.
-10
Evaluate 10 - -5 - 6 - 2.
7
What is the value of -1 + 2 + (3 - 5)?
-1
Calculate -6 + (0 - -1) + 0.
-5
-6 + -6 - -6 - -6
0
5 + (0 + -4 - -8 - 3)
6
What is the value of -9 - (1 - (3 - (3 - 5)))?
-5
-8 + (-5 - (-1 - 1)) + 6
-5
Evaluate 1 + -15 + (3 - -1 - -3).
-7
What is 10 + -12 + 3 + 1 + -3?
-1
Evaluate 4 + -6 + (-2 - -1) + 2.
-1
What is -1 + -2 + 6 + (2 - 1)?
4
What is 2 - (-5 + 4 - 1) - -1?
5
Evaluate 5 - (41 - 42 - (-1 + -1)).
4
Calculate -6 - -5 - (2 + -2 - 4).
3
Evaluate 4 - (3 + 1) - (-31 - -28).
3
What is (1 - -7) + -8 - -7?
7
What is the value of 2 + (-4 - (2 + 3)) + 5?
-2
1 - (4 + -6 + 8)
-5
Calculate -3 - 2 - (4 + -5).
-4
Evaluate (-5 - -1) + -3 + 15 + -9.
-1
What is 5 + (-6 - (2 - 2))?
-1
Evaluate 4 - ((6 - 5) + -2).
5
What is the value of -9 + 19 + 0 + -5?
5
Calculate 3 + (1 - (11 - 5 - -1)).
-3
Evaluate -12 - (-6 + -5) - 4.
-5
Calculate 2 - 0 - (0 - 6 - -12).
-4
-5 + (4 - (6 + -2))
-5
What is (0 - -2 - 0) + -1 + 3?
4
(-1 - -1) + 8 + -4
4
Evaluate -18 + 8 - (-1 - 4).
-5
0 + -1 + 12 + -9
2
What is the value of (0 - -2) + (-17 - -4) + 12?
1
What is 2 - (4 - (-9 + 8))?
-3
Calculate -5 + 1 + (5 + -7 - -3).
-3
What is -29 - -35 - ((2 - 2) + 1)?
5
What is -3 + 3 - -2 - (9 - 2)?
-5
-2 + -5 + 2 - -5
0
What is the value of (-1 - -3) + 3 + -10 - -10?
5
Calculate 25 + -24 + (4 - 0 - 1).
4
What is the value of 3 - (-1 + 4 - 4)?
4
What is 5 + -2 + (-3 - -4)?
4
What is 2 + (6 - 12) + 4 + 4?
4
What is 19 + (-13 - 0) - 13?
-7
What is -4 - (-4 + -7) - (-2 + 10)?
-1
-2 + -4 + 6 + 2
2
What is the value of -1 - (-5 - (3 - 2)) - 2?
3
What is the value of 0 + (-6 - 2 - -6)?
-2
Calculate 6 + -7 + (-1 - 0) + -2.
-4
What is the value of 10 + -2 + -3 - 4?
1
What is the value of 0 - 10 - (-3 - (1 - -2))?
-4
Calculate (3 + (-11 - -6) - -8) + -11.
-5
(-1 - -8) + (-5 - 6)
-4
1 - (13 - 14 - (-7 + 0))
-5
What is 6 + (-22 - -15) + 10?
9
Evaluate 1 + 2 - (-29 + 37).
-5
Evaluate 5 - (-9 + -2 - -16).
0
-3 - (5 + -1 - (-1 - -3))
-5
Evaluate 10 + -4 + -7 + 3.
2
(5 + -13 - -3) + 4 + 6
5
Evaluate (-12 - -7) + 2 - -2.
-1
(2 - (-2 - -1)) + (-128 - -131)
6
-13 + (12 - 11) + 13
1
What is the value of -8 + -3 - (-14 - -4)?
-1
What is the value of -6 - (-4 - 9 - -3) - 5?
-1
Calculate -5 + 2 + 3 + -2.
-2
Evaluate -39 + 33 - (-2 + 0 + 0).
-4
Evaluate -7 + 2 - -13 - 5.
3
What is -7 - (-6 + (7 - 4))?
-4
Evaluate 0 - (-1 + -1 + 6 + -3).
-1
Calculate (-5 - (-3 + 3)) + 10.
5
-11 - (9 + -40 - -12)
8
What is the value of -6 + 5 + (7 - 7) - 6?
-7
-4 + (-4 + 6 - 3)
-5
What is the value of 7 + (1 + -11 - -5) + -5?
-3
What is 18 + -21 - (0 + 1)?
-4
0 + (7 - (-2 + 9)) + 6
6
-3 + 3 + -3 + -3 + 3
-3
What is -5 + (2 - ((4 - 3) + -10))?
6
Calculate (-11 + 8 - -5) + -3 + -2.
-3
What is the value of (-3 - (4 + -3)) + 0?
-4
Evaluate -9 + 12 - (2 - 1) - 0.
2
What is the value of -1 - (-3 - -3) - 3 - -3?
-1
5 - (-10 - -8) - (-1 + 2)
6
What is the value of -4 + -3 + (-3 - -1) + 7?
-2
Calculate 6 + 4 + (-1 - 5) + 1.
5
What is the value of (16 - 2) + (26 - 35)?
5
What is the value of 0 + (-2 - 3) + (-4 - -5)?
-4
What is the value of 10 - 12 - (-6 + -2 + -1)?
7
Evaluate 1 + (-9 - (1 + -15)).
6
Calculate -6 - (-13 - -6 - 2).
3
Calculate 3 - (-6 + 0 + 4).
5
7 + -3 - (3 + 0)
1
Evaluate -1 - 1 - (-22 + 9 - -9).
2
Calculate 3 - 13 - (-2 + -7).
-1
Calculate (0 - (-2 - -2)) + 4 + -1.
3
-2 - 4 - -4 - -3
1
Evaluate -2 - (-2 - (6 + -9)).
-3
What is the value of 0 - (0 + 9 + -6)?
-3
What is 6 - (0 - (-6 + 4 - 0))?
4
0 - (0 + -9 + 5)
4
Evaluate -1 + 2 + -3 - (0 - 0).
-2
What is the value of 1 + -2 + (-11 - -11) + 5?
4
Calculate (-4 + 4 - -5) + -7 + -2.
-4
1 - (-4 + (-2 - -4))
3
Evaluate 1 - (1 - 1 - (-2 + 1)).
0
Calculate 14 + -14 + 2 - (-1 + 2).
1
Evaluate -1 - (-2 - 4) - 4.
1
What is (5 - 9) + (0 - -2) + 2?
0
What is (1 - -4) + (3 - 2) - 3?
3
What is the value of 3 + (-3 - 1) - -1?
0
-3 - (-5 - -1) - -2 - -2
5
What is 0 + -4 - (17 - 18)?
-3
What is 4 + -5 - (0 - (2 + -5))?
-4
Evaluate (1 - 11) + (4 - -2).
-4
What is the value of 21 + -19 - (-1 + -3)?
6
21 + -17 + 10 + -6
8
What is the value of (-3 - 0) + 0 + 0?
-3
(5 - 3) + 0 + -2 - -1
1
Evaluate -4 + -4 + 8 + 4 + 1.
5
What is the value of 8 + -10 - (-6 - -3 - -9)?
-8
What is (-9 - (-13 - -1)) + (1 - 0)?
4
Evaluate -2 + (10 - (2 + 1)).
5
What is the value of 14 + -4 + -6 - 0?
4
What is the value of 7 - (-3 + 3 + 4)?
3
Evaluate -13 + (15 - -2) + -4.
0
What is 3 - (4 - 1) - 5?
-5
Evaluate 4 - 0 - (-19 + 23).
0
Calculate 12 - (19 + -13) - 10.
-4
-1 + (2 - 5 - 0) - -1
-3
Calculate 7 - 1 - (-9 - -12).
3
Evaluate -1 + -2 + 5 + 4 + -2.
4
5 + (-2 - (-5 - -6))
2
Evaluate (-12 - -14) + 6 + -8.
0
-3 + (5 - 2) + 5
5
Evaluate -21 + 18 - (-1 + -4).
2
Evaluate